{"id":287,"date":"2022-09-03T13:39:21","date_gmt":"2022-09-03T11:39:21","guid":{"rendered":"https:\/\/aaaaaaaaaa22.wordpress.com\/?page_id=287"},"modified":"2025-05-22T22:10:23","modified_gmt":"2025-05-22T22:10:23","slug":"dissemination","status":"publish","type":"page","link":"https:\/\/cirma.etsisi.upm.es\/?page_id=287","title":{"rendered":"Difusi\u00f3n"},"content":{"rendered":"\n<div class=\"wp-block-cover alignfull\" style=\"min-height:411px;aspect-ratio:unset;\"><img loading=\"lazy\" decoding=\"async\" width=\"2560\" height=\"1707\" class=\"wp-block-cover__image-background wp-image-499\" alt=\"\" src=\"https:\/\/cirma.etsisi.upm.es\/wp-content\/uploads\/2023\/04\/pexels-brotin-biswas-518543-1-scaled.jpg\" data-object-fit=\"cover\" srcset=\"https:\/\/cirma.etsisi.upm.es\/wp-content\/uploads\/2023\/04\/pexels-brotin-biswas-518543-1-scaled.jpg 2560w, https:\/\/cirma.etsisi.upm.es\/wp-content\/uploads\/2023\/04\/pexels-brotin-biswas-518543-1-300x200.jpg 300w, https:\/\/cirma.etsisi.upm.es\/wp-content\/uploads\/2023\/04\/pexels-brotin-biswas-518543-1-1024x683.jpg 1024w, https:\/\/cirma.etsisi.upm.es\/wp-content\/uploads\/2023\/04\/pexels-brotin-biswas-518543-1-768x512.jpg 768w, https:\/\/cirma.etsisi.upm.es\/wp-content\/uploads\/2023\/04\/pexels-brotin-biswas-518543-1-1536x1024.jpg 1536w\" sizes=\"auto, (max-width: 2560px) 100vw, 2560px\" \/><span aria-hidden=\"true\" class=\"wp-block-cover__background has-background-dim\"><\/span><div class=\"wp-block-cover__inner-container is-layout-flow wp-block-cover-is-layout-flow\">\n<p class=\"has-text-align-center has-large-font-size\">Mant\u00e9ngase actualizado sobre las novedades de CIRMA a trav\u00e9s de esta secci\u00f3n.<\/p>\n<\/div><\/div>\n\n\n\n<div class=\"wp-block-group alignfull\" style=\"padding-left:0\"><div class=\"wp-block-group__inner-container is-layout-constrained wp-container-core-group-is-layout-9a6c2a12 wp-block-group-is-layout-constrained\">\n<div class=\"wp-block-group alignwide\" style=\"padding-top:0;padding-right:0;padding-bottom:0;padding-left:0\"><div class=\"wp-block-group__inner-container is-layout-constrained wp-container-core-group-is-layout-82686151 wp-block-group-is-layout-constrained\">\n<h2>Revistas: Ediciones especiales<\/h2>\n\n\n\n<hr style=\"width:100%;\">\n\n\n\n<h2><strong>2025<\/strong><\/h2>\n<\/div><\/div>\n<\/div><\/div>\n\n\n\n<div class=\"wp-block-group alignfull\"><div class=\"wp-block-group__inner-container is-layout-constrained wp-block-group-is-layout-constrained\">\n<div class=\"wp-block-group alignwide\" style=\"padding-top:var(--wp--preset--spacing--40);padding-right:var(--wp--preset--spacing--80);padding-bottom:0;padding-left:var(--wp--preset--spacing--80)\"><div class=\"wp-block-group__inner-container is-layout-constrained wp-container-core-group-is-layout-f9c356e8 wp-block-group-is-layout-constrained\">\n<h2>Eventos (conferences, special sessions, tracks)<\/h2>\n\n\n\n<hr style=\"width:100%;\">\n<\/div><\/div>\n<\/div><\/div>\n\n\n\n<h2><strong>2025<\/strong><\/h2>\n\n\n\n<div class=\"wp-block-group alignfull\"><div class=\"wp-block-group__inner-container is-layout-constrained wp-block-group-is-layout-constrained\">\n<div class=\"wp-block-group alignwide\" style=\"padding-top:0;padding-right:var(--wp--preset--spacing--80);padding-bottom:var(--wp--preset--spacing--40);padding-left:var(--wp--preset--spacing--80)\"><div class=\"wp-block-group__inner-container is-layout-constrained wp-container-core-group-is-layout-8317294b wp-block-group-is-layout-constrained\">\n<h2>Recursos<\/h2>\n\n\n\n<hr style=\"width:100%;\">\n<\/div><\/div>\n<\/div><\/div>\n\n\n\n<div class=\"wp-block-group alignwide\" style=\"padding-top:0;padding-right:0;padding-bottom:0;padding-left:0\"><div class=\"wp-block-group__inner-container is-layout-constrained wp-container-core-group-is-layout-82686151 wp-block-group-is-layout-constrained\">\n<div class=\"wp-block-group alignwide\"><div class=\"wp-block-group__inner-container is-layout-constrained wp-block-group-is-layout-constrained\"><\/div><\/div>\n<\/div><\/div>\n\n\n\n<div class=\"wp-block-group alignfull\"><div class=\"wp-block-group__inner-container is-layout-constrained wp-block-group-is-layout-constrained\">\n<div class=\"wp-block-group alignwide\" style=\"padding-top:0;padding-right:var(--wp--preset--spacing--80);padding-bottom:var(--wp--preset--spacing--40);padding-left:var(--wp--preset--spacing--80)\"><div class=\"wp-block-group__inner-container is-layout-constrained wp-container-core-group-is-layout-8317294b wp-block-group-is-layout-constrained\">\n<h2>Entrevistas<\/h2>\n\n\n\n<hr style=\"width:100%;\">\n<\/div><\/div>\n<\/div><\/div>\n","protected":false},"excerpt":{"rendered":"<p>Revistas: Ediciones especiales 2025 Eventos (conferences, special sessions, tracks) 2025 Recursos Entrevistas<\/p>\n","protected":false},"author":1,"featured_media":0,"parent":0,"menu_order":0,"comment_status":"closed","ping_status":"closed","template":"","meta":{"footnotes":""},"class_list":["post-287","page","type-page","status-publish","hentry","entry"],"_links":{"self":[{"href":"https:\/\/cirma.etsisi.upm.es\/index.php?rest_route=\/wp\/v2\/pages\/287","targetHints":{"allow":["GET"]}}],"collection":[{"href":"https:\/\/cirma.etsisi.upm.es\/index.php?rest_route=\/wp\/v2\/pages"}],"about":[{"href":"https:\/\/cirma.etsisi.upm.es\/index.php?rest_route=\/wp\/v2\/types\/page"}],"author":[{"embeddable":true,"href":"https:\/\/cirma.etsisi.upm.es\/index.php?rest_route=\/wp\/v2\/users\/1"}],"replies":[{"embeddable":true,"href":"https:\/\/cirma.etsisi.upm.es\/index.php?rest_route=%2Fwp%2Fv2%2Fcomments&post=287"}],"version-history":[{"count":43,"href":"https:\/\/cirma.etsisi.upm.es\/index.php?rest_route=\/wp\/v2\/pages\/287\/revisions"}],"predecessor-version":[{"id":758,"href":"https:\/\/cirma.etsisi.upm.es\/index.php?rest_route=\/wp\/v2\/pages\/287\/revisions\/758"}],"wp:attachment":[{"href":"https:\/\/cirma.etsisi.upm.es\/index.php?rest_route=%2Fwp%2Fv2%2Fmedia&parent=287"}],"curies":[{"name":"wp","href":"https:\/\/api.w.org\/{rel}","templated":true}]}}